3*l - n = 15. Let s(m) = m**2 - 2*m + 2. Give s(x).
2
Let b = 2 + 2. Suppose -b*a + 3*j + 36 = 0, 2*a + j + 4*j + 8 = 0. Let u(z) = -z**3 + 5*z**2 + 5*z - 1. Calculate u(a).
-7
Suppose 2*y + 10 = -2*d, -2*d + 5*y + 18 = -0*d. Let s(c) = -c**3 - 1. What is s(d)?
0
Let m(a) = 3*a - 2. Let b(x) = -3*x + 2. Let k(t) = -6*b(t) - 5*m(t). Let q = -1 - -1. Let u = 3 - q. Give k(u).
7
Let c(z) be the second derivative of z**5/20 - z**4/3 - z**2 + 3*z. Give c(4).
-2
Suppose 3*j - 5*w + 15 = 0, 5*j - 2*w - 2*w + 25 = 0. Let l(f) be the second derivative of -6*f + 0 - 1/6*f**3 - 5/2*f**2. Calculate l(j).
0
Let h(o) = 7*o**2 - 18*o + 8. Let v(s) = -4*s**2 + 9*s - 4. Let f(x) = 3*h(x) + 5*v(x). What is f(7)?
-10
Let c(a) = -a - 10. Let n(f) = -f - 1. Let r(u) = -c(u) + 3*n(u). Let w = 6 + 0. Determine r(w).
-5
Let c(u) be the second derivative of u**5/20 + 11*u**4/12 + u. Let j be 2*(-1)/(-1)*-1. Let k(y) = 2*y**2. Let i(q) = j*c(q) + 11*k(q). Give i(1).
-2
Let b(n) = 5*n - 4*n - 4*n + 0*n. What is b(4)?
-12
Let p(z) = 19*z**2 - 2*z - 1. Let g(n) = -13*n**2 + n + 1. Let x(y) = 7*g(y) + 5*p(y). Determine x(2).
12
Let d be ((-14)/(-8))/((-1)/(-4)). Let b(i) = -i**2 + 0 + d*i - i**2 - 5 + i**2. What is b(5)?
5
Let a(p) = p + 1. Suppose 0 = 2*z - 14 - 2. Let y = z - 7. Determine a(y).
2
Let u(r) be the first derivative of -r**4/12 - r**3/6 + r**2 - 2. Let b(y) be the second derivative of u(y). Calculate b(-1).
1
Let o(q) = q**2 - 3*q - 3. Let y(v) = v**2 + 0*v**2 - 4 + v + 4*v**2 - v**3. Let h be y(5). Let i(d) = 4*d - 1. Let p be i(h). Calculate o(p).
-3
Suppose -3*n = -2*v + 5*v - 9, 0 = -3*n + 4*v + 23. Let t(q) = n + 0*q - q - 5 + 6. Suppose -3*a + 15 = 2*a. Determine t(a).
3
Let n(y) = y**3 - 2*y**2 - y + 1. Let d(g) = -g**3 + 4*g**2 - 4*g - 2. Let u be d(4). Let f be -4 - (-5 + 1) - 3. Let b be (-2)/f*u/(-4). Give n(b).
7
Let r(d) = d**2. Suppose -2*t - 4*p = -4, -5*p + 16 = t - 4*t. Give r(t).
4
Let u be (-1)/(-1 - -2)*-3. Let y(f) = -3 + u*f + 2 + 2*f. Give y(-2).
-11
Let p(a) be the second derivative of -3/2*a**2 - 1/6*a**4 - a + 1/20*a**5 + 0 + 0*a**3. What is p(3)?
6
Let c(w) = 0*w**3 - 3 - 18*w**2 + 29*w**2 + w**3 - 16*w**2. Determine c(5).
-3
Let c = 16 - 15. Let n(g) = 5*g. Give n(c).
5
Let s(m) = 2*m**2 - 6*m - 5. Let u(w) = 3*w**2 - 7*w - 6. Let c(n) = 4*s(n) - 3*u(n). What is c(-2)?
0
Let t = -3 + -2. Let r(j) = 2*j**2 + 6*j - 7. Give r(t).
13
Let g(r) = r**3 - r - 1. Let d(f) = -6*f**3 + 4*f**2 + 4*f + 7. Let o(k) = d(k) + 5*g(k). What is o(2)?
8
Suppose -2*c = -0*c + 6. Let j(z) be the third derivative of -6*z**2 + 1/6*z**3 + 0*z - 1/12*z**4 + 0. What is j(c)?
7
Let m(p) = p**3 - p**2 + 7. Suppose v = -2*r - v + 10, 2*r + 5 = v. Give m(r).
7
Let z(q) = q**2 - 5*q - 4. Let n be -5 + 5 - (-27)/1. Suppose 4*r - 3 = -v + 13, -3*v - n = -3*r. Let m be ((-20)/2)/((-10)/r). Determine z(m).
-4
Let c(f) = f + 3. Let i(p) = -2. Let b(k) = 3*c(k) + 4*i(k). Suppose -3*o - 3 - 3 = 0. Determine b(o).
-5
Let v(j) = j + 3. Let u = -18 + 46. Suppose u = 6*t - 4*t. Suppose -21 = 5*f + m, 0 = -7*f + 4*f - 2*m - t. What is v(f)?
-1
Let s(o) = 11*o + 14*o + 6 - 32*o - o**2 + 13*o. What is s(6)?
6
Let f(l) = 2*l**2 + 2*l + 1. Let n(w) = 4*w**2 + 3*w + 3. Let k(p) = 5*f(p) - 2*n(p). Give k(-3).
5
Suppose 0*b = 2*b + 2. Let v be (4*b)/(-1 + -1). Let g(c) = c**v + 2 + c**3 + 0 + 0 - 5*c**2. What is g(4)?
2
Let b(t) = -10*t - 8*t - 5 + 20*t. Give b(6).
7
Let w(r) be the first derivative of 0*r**3 + 0*r**2 + 1/4*r**4 - 16*r - 7. Give w(0).
-16
Let o = -4 + 5. Let w(r) = 0*r + 3*r - o - 2*r. What is w(6)?
5
Let t(r) = r**3 - 11*r**2 - 13*r + 6. Let l be t(12). Let p(f) = f**3 + 5*f**2 - 4*f - 4. Calculate p(l).
-16
Let f(a) = 0*a - 3*a - 6 + 0*a. Suppose -2*i - 16 = -6*i. Let v(l) = -3*l + 8. Let c be v(i). Give f(c).
6
Let g(z) = z - 16. Let k(m) = -2*m + 31. Let j(r) = 13*g(r) + 6*k(r). Calculate j(9).
-13
Let f(t) be the third derivative of -t**6/120 - 11*t**5/60 - t**4/24 - 7*t**3/6 - 51*t**2. Calculate f(-11).
4
Let b(h) be the third derivative of -h**6/120 - 7*h**5/60 - 7*h**4/24 + 5*h**2. What is b(-6)?
6
Let i(m) be the third derivative of -m**6/120 - m**5/60 + m**3 + 22*m**2. Determine i(0).
6
Let z(n) = -3*n + 7. Suppose 2*m + 4*t - 2 = 0, -7 = 5*m + 2*t + 4. Suppose -3*y = -9, -2*i + 14 = -3*i + 2*y. Let v = m - i. Calculate z(v).
-8
Let u be ((-7)/(21/18))/(-2). Let f(c) be the second derivative of 2*c - 1/12*c**4 - 1/6*c**3 + 0 + 2*c**2. Calculate f(u).
-8
Let h(k) = -k + 4. Let z be h(4). Let l(r) = -r + 1. Let f(m) = m**2 - 2*m + 2. Let o(x) = -f(x) + 2*l(x). Determine o(z).
0
Let k(a) = a**3 - 3*a**2 + 6*a + 1. Let z(u) = 3*u**3 - 8*u**2 + 19*u + 2. Let x(s) = 7*k(s) - 2*z(s). Let h = 1 - 2. Let q be (7 + h)/(6/4). What is x(q)?
3
Let j(t) = -t**2 + t + 4. Let p(f) = -f**2 - 3*f + 4. Let a be p(-4). Suppose 5*l + 3*h + 9 = l, -3*l + 2*h + 6 = 0. Let i be 1*(a + (0 - l)). Give j(i).
4
Let u = 29 - 20. Let c be (-7 + -2)/(u/6). Let a(m) = m**2 + 6*m. Determine a(c).
0
Let r(u) = u - 10. Let t be r(5). Let b(l) = -2*l**3 - 13*l**2 + 17*l + 7. Let z(k) = k**3 + 7*k**2 - 9*k - 3. Let a(x) = 3*b(x) + 5*z(x). Give a(t).
1
Let y(w) = 2*w**3 - 4*w**2 - 6*w + 1. Let l(o) = -o**3 + 5*o**2 + 6*o - 1. Let v(q) = -3*l(q) - 2*y(q). Let h = 15 + -21. What is v(h)?
1
Let v(k) = -k + 1 - 20 - 8*k. Let s(c) = 4*c + 9. Let i(b) = 5*s(b) + 2*v(b). What is i(-6)?
-5
Let y(b) be the third derivative of 0 + 0*b + 1/120*b**6 + 1/30*b**5 - b**2 - 1/2*b**3 - 1/12*b**4. Determine y(-3).
-6
Let k(b) = -5*b**2 - 2*b - 1. Suppose -2*g + 1 - 3 = 0. What is k(g)?
-4
Let a(y) = y + 7. Let g(s) = s**2 - 25*s + 41. Let l be g(23). Give a(l).
2
Let a(s) = s + 7. Let d be a(-7). Suppose 3*y - 12 + 3 = d, -5*y = -2*v - 11. Let z(f) = -3*f + 9. Let p(x) = -1. Let j(i) = 6*p(i) + z(i). Determine j(v).
-3
Let h(m) be the second derivative of -5/12*m**4 + 0 - 1/20*m**5 + 2*m - 1/3*m**3 + 0*m**2. Determine h(-5).
10
Let o = -4 - -2. Let h(z) = z**3 + 2*z**2 - 3*z - 1. Give h(o).
5
Suppose 3*d + 15 = 8*d. Let n = d + -6. Let u(z) = 3*z + 8. Let l(q) = -2*q - 7. Let y(p) = 4*l(p) + 3*u(p). Determine y(n).
-7
Let n be (0 - -2) + (-6)/(-2). Let w = n + -2. Let a(q) = w + 4*q**3 - q - 5*q**3 - 3*q**2 + 3*q. Calculate a(-3).
-3
Let l(t) = 2*t - 1. Suppose 5*i = -g + 25, 2*g = 2*i - 0 - 10. Suppose g = -2*y + 7*y + 10. Give l(y).
-5
Let s(a) = -2*a + 2. Suppose -z - 25 = 4*z. Let c be (10/(-4))/(z/10). Give s(c).
-8
Let m(r) be the second derivative of -r**7/2520 + r**6/144 - r**5/30 - r**4/6 + 8*r. Let k(a) be the third derivative of m(a). Determine k(5).
-4
Let x be (8/(-5))/(4/20*1). Let o(b) = -b**3 - 9*b**2 - 7*b + 9. Calculate o(x).
1
Suppose 1 = x + 2*y, -3*x - 7 = -5*y + 23. Let k = x - -8. Let o(m) = m**k + 7 + 0*m - m - 2*m**3. Calculate o(0).
7
Let j(t) be the first derivative of t**4/4 + t**3/3 - t**2 + t + 13. Determine j(2).
9
Let f(p) be the second derivative of -p**4/12 - p**3/6 - 5*p**2 + p + 10. Suppose 0*i = 3*i. Let y be -1 + 0 - (i + -1). Give f(y).
-10
Let i(q) = 3*q - 4*q - 32 + 19. What is i(-7)?
-6
Let c(m) = -7 - 9*m + 9 + 7*m - 2*m**2. What is c(-2)?
-2
Suppose 0 = -4*f - 2*f - 54. Let h(t) = -t - 12. Calculate h(f).
-3
Let l = -69 - -67. Suppose 0 = 4*m, 2*i - 3*i + 3 = 4*m. Let g(c) = -1 - c - 3*c**2 - 5*c**i + 2 + 4*c**3. Calculate g(l).
-1
Let o(x) = -3*x + 1. Let m(c) = 7*c - 2. Let g(h) = 4*m(h) + 10*o(h). What is g(-2)?
6
Let g(y) be the second derivative of y**3/2 - 3*y**2/2 + y. Let h = 3 + -5. Let j(d) = -4*d + 4. Let b(n) = h*j(n) - 3*g(n). Determine b(5).
-4
Let h(d) be the third derivative of d**6/120 + d**5/20 - d**4/6 + d**3/2 + 30*d**2. What is h(2)?
15
Let s = -4 - -8. Suppose -7 = s*j - 27. Let d(f) be the second derivative of f**4/12 - f**3 + 5*f**2/2 - f. Calculate d(j).
0
Let g(v) = v**3 + 3*v + 3. Let f = 37 - 39. Give g(f).
-11
Let r(p) be the second derivative of p**3/6 - 2*p**2 + 4*p. Calculate r(-3).
-7
Suppose 0 = 3*j - j - 20. Let s be (22/j)/(2/10). Suppose -b = 3*g + s, 0*g - 2*g = 2*b + 6. Let x(l) = -7*l**2 + 1. Give x(b).
-6
Let o(t) = t + 4. Let r(p) = p**3 + 2*p**2 + 2*p - 2. Let s be r(-2). Let w = -6 - s. Give o(w).
4
Let h(n) = -n**3 + 5*n**2 + n - 2. Let d be h(5). Let g(t) = t**2 - 5*t - 1. Determine g(d).
-7
Let t be -4*1*(0 - 2). L